et x(j) = -61*j**3 + 8*j**2 + 68*j + 94. Calculate x(-2).
478
Let q(m) = -762*m - 1141. Calculate q(0).
-1141
Let m(w) = 534*w + 40055. Determine m(-75).
5
Let j(t) = -3*t**3 + 2*t**2 - 577*t + 2377. Give j(4).
-91
Let z(m) = 3746*m + 38205. Determine z(-10).
745
Let z(l) = 656599*l - 3939540. Determine z(6).
54
Let w(t) = 255*t - 8701. Determine w(35).
224
Let u(s) = -s**2 - 680*s - 526. Give u(0).
-526
Let v(p) = -132*p + 11969. Give v(91).
-43
Let l(w) = -3*w**2 + 283*w + 36657. Calculate l(-73).
11
Let s(n) = n**2 - 316*n + 24129. What is s(128)?
65
Let n(a) = -4*a**2 - 57*a - 204. Give n(-4).
-40
Let y(i) = -11*i**2 - 57*i + 3325. Determine y(15).
-5
Let t(g) = 2*g**2 - 653*g - 981. Calculate t(328).
3
Let z(f) = f**3 + 164*f**2 - 588*f - 14621. Determine z(-167).
-92
Let k(p) = -86*p**2 - 6807*p - 1022. Calculate k(-79).
5
Let j(s) = 2000*s**2 - 2043*s + 32. What is j(1)?
-11
Let f(l) = -997*l**2 - 40923*l - 1932. Give f(-41).
-46
Let b(o) = -10252*o - 61512. What is b(-6)?
0
Let p(x) = x**3 + 54*x**2 - 171496*x - 6. Determine p(388).
-6
Let y(x) = 4600*x - 23280. Determine y(5).
-280
Let v(o) = 991*o + 128837. What is v(-130)?
7
Let w(x) = -2*x**3 - 492*x**2 + 12379*x - 19. Give w(23).
96
Let m(x) = 13874*x - 166495. Give m(12).
-7
Let p(i) = 141019*i + 3243436. What is p(-23)?
-1
Let r(s) = s**3 + 112*s**2 - 296*s - 33160. Calculate r(-112).
-8
Let j(z) = -13*z**2 + 143*z + 24. Calculate j(14).
-522
Let i(n) = 2*n**2 + 10013*n - 1146506. What is i(112)?
38
Let w(n) = -29*n + 3636. Give w(117).
243
Let p(f) = 283674*f + 567362. What is p(-2)?
14
Let a(t) = 16*t**2 - 1572*t + 12624. Give a(8).
1072
Let c(m) = 67*m**2 + 235*m + 941. Determine c(-4).
1073
Let u(v) = 118611*v + 830285. Give u(-7).
8
Let v(t) = t**3 + 16*t**2 - 8*t + 903. Give v(-19).
-28
Let x(r) = r**2 - 6324*r + 251361. Calculate x(40).
1
Let p(x) = 2*x**2 - 152*x + 2307. Determine p(54).
-69
Let b(m) = 385*m - 7443. Calculate b(19).
-128
Let t(d) = 584*d - 9230. Determine t(16).
114
Let o(c) = -8*c**2 - 374*c + 933. Give o(3).
-261
Let j(r) = r**3 - 1340*r**2 + 4044*r - 44091. Determine j(1337).
30
Let n(l) = l**2 - 162*l - 6918. What is n(-35)?
-23
Let x(u) = -u**2 - 52*u + 215. What is x(5)?
-70
Let g(n) = -362*n + 12870. Calculate g(36).
-162
Let x(u) = u**3 - 27586*u**2 + 82751*u - 8. Determine x(3).
-2
Let a(g) = 2737*g - 147514. Give a(54).
284
Let p(k) = -44*k**2 + 431*k + 440. What is p(-1)?
-35
Let m(r) = 802771*r - 802774. What is m(1)?
-3
Let h(r) = -207*r + 2630. Determine h(14).
-268
Let x(r) = 6*r**3 + 1379*r**2 - 246*r - 3709. Calculate x(-230).
-29
Let u(x) = 985*x - 82679. Calculate u(84).
61
Let r(b) = -1373*b + 5432. Calculate r(4).
-60
Let p(s) = 30233*s - 2811662. Calculate p(93).
7
Let z(t) = -113*t**2 + 662*t - 5. Calculate z(6).
-101
Let a(x) = -x**3 + 62*x**2 - 665*x + 769. Calculate a(12).
-11
Let n(h) = -4303*h - 279691. Determine n(-65).
4
Let y(l) = l**2 + 759*l - 27752. Give y(35).
38
Let h(r) = -r**3 - 11*r**2 + 84301*r + 1011463. What is h(-12)?
-5
Let v(k) = -2*k**3 + 117*k**2 + 1150*k - 64368. What is v(59)?
1
Let p(o) = o**3 + 19*o**2 - 25*o - 523. Calculate p(-14).
807
Let v(l) = -6*l**3 + 4510*l**2 - 3024*l + 15035. What is v(751)?
15
Let j(y) = -y**3 - 107*y**2 - 109*y - 48261. What is j(-110)?
29
Let m(a) = 2*a**3 - 76*a**2 - 816*a - 152. Determine m(47).
1258
Let x(w) = -4*w**3 + 150*w**2 + 74*w - 362. Give x(38).
-438
Let k(n) = -7*n**2 - 792*n + 131. Calculate k(-113).
244
Let g(l) = -302269*l - 2720421. Give g(-9).
0
Let h(q) = 68*q**3 - 3*q**2 + 318*q + 312. What is h(-1)?
-77
Let p(b) = 36700*b + 1908405. What is p(-52)?
5
Let l(o) = 1018*o - 103840. Determine l(102).
-4
Let c(t) = 366*t - 72122. What is c(197)?
-20
Let d(q) = -7*q**2 + 23*q - 436. What is d(16)?
-1860
Let d(n) = 3*n**2 - 26722*n + 213581. Calculate d(8).
-3
Let j(d) = 7*d**2 - 83321*d + 249966. What is j(3)?
66
Let w(m) = -10*m**2 + 12809*m - 38343. Determine w(3).
-6
Let p(f) = f**3 - 211*f**2 + 7075*f + 3933. Calculate p(169).
46
Let z(y) = -191*y - 35164. Give z(-167).
-3267
Let o(w) = 58985*w + 294979. What is o(-5)?
54
Let a(y) = -2*y**3 + 195*y**2 - 228*y - 5737. Give a(96).
23
Let r(o) = -677*o - 158455. Give r(-234).
-37
Let w(n) = -1858108*n - 91047294. What is w(-49)?
-2
Let r(b) = -370*b - 10693. Give r(-29).
37
Let g(r) = r**2 + 268*r + 799. Calculate g(-265).
4
Let t(a) = 51*a**2 - 63*a + 15. What is t(1)?
3
Let x(j) = -j**3 + 33*j**2 + 210*j - 716. Determine x(38).
44
Let x(b) = b**2 + 5483*b - 248707. Give x(45).
53
Let i(p) = -720*p + 421205. Give i(585).
5
Let t(v) = 96*v**2 - 917*v + 25. Determine t(4).
-2107
Let h(q) = -6*q**3 + 9*q**2 + 302*q - 312. Determine h(1).
-7
Let a(w) = -w**3 - 40*w**2 + 21*w + 3715. Calculate a(-38).
29
Let m(o) = -182123*o + 10927358. Calculate m(60).
-22
Let j(q) = -82244*q + 2549537. Calculate j(31).
-27
Let j(f) = 72689*f + 19335277. Calculate j(-266).
3
Let k(z) = 3033*z - 57667. What is k(19)?
-40
Let i(r) = -295*r + 1308. Calculate i(4).
128
Let k(s) = -3849*s - 13189. Give k(-3).
-1642
Let m(l) = -l**3 - 6*l**2 + 1171*l + 4728. What is m(-4)?
12
Let r(f) = f**2 + 57*f - 148. Calculate r(7).
300
Let g(b) = 115*b + 3920. Determine g(-44).
-1140
Let i(x) = -11694*x - 35101. Calculate i(-3).
-19
Let t(s) = s**2 - 4368*s - 497180. What is t(-111)?
-11
Let n(y) = 16184*y + 111664. What is n(-7)?
-1624
Let h(i) = -2*i**2 + 95*i - 1695. Calculate h(25).
-570
Let q(d) = d**3 + 123*d**2 + 1536*d + 1671. What is q(-109)?
581
Let d(i) = -4*i**3 - 510*i - 1526. What is d(-3)?
112
Let l(u) = -u**3 + 11*u**2 + 66*u - 593. What is l(10)?
167
Let n(q) = -7646*q**2 - 160571*q - 99. Determine n(-21).
6
Let i(f) = 3*f**3 - 1153*f**2 + 1531*f + 524. What is i(383)?
141
Let d(x) = x**2 + 466*x + 17437. Determine d(-41).
12
Let y(j) = 3198*j**2 + 169494*j + 3. What is y(-53)?
3
Let p(c) = -310*c - 8758. Determine p(-28).
-78
Let a(d) = 26*d**2 + 26*d + 374. What is a(-8)?
1830
Let y(c) = -c**2 + 3705*c - 789518. Determine y(227).
-12
Let j(w) = -134*w - 12750. What is j(-93)?
-288
Let p(z) = 14140*z**2 - 98972*z - 28. Determine p(7).
28
Let c(n) = 4693*n + 783732. Determine c(-167).
1
Let d(z) = 101*z**2 + 52020*z + 2562. Determine d(-515).
-13
Let n(c) = 2891*c - 763266. Give n(264).
-42
Let r(q) = -q**3 - 74*q**2 - 463*q - 26. Give r(-67).
-428
Let w(p) = -p**3 + 9*p**2 - 2486*p + 24964. Determine w(10).
4
Let f(a) = -3*a**3 - 11*a**2 + 12*a + 189. Give f(-7).
595
Let a(l) = l**3 + 82*l**2 + 217*l - 1504. What is a(-79)?
76
Let m(f) = 980*f + 231268. Give m(-236).
-12
Let c(r) = r**2 - 70*r - 6183. What is c(-52)?
161
Let o(f) = -f**3 + 16*f**2 - 20*f + 64. Give o(15).
-11
Let p(q) = q**3 + 13*q**2 - 161*q - 1223. Give p(-7).
198
Let p(j) = -300*j**2 - 58810*j - 1965. Calculate p(-196).
-5
Let l(b) = b**3 + 79*b**2 - 200*b - 8919. Give l(-80).
681
Let q(i) = i**2 + 414*i + 12780. Give q(-34).
-140
Let i(k) = -459*k - 9894. What is i(-22)?
204
Let v(k) = -35*k**2 + 3784*k + 19325. What is v(113)?
2
Let g(s) = 1942*s - 1734. Give g(1).
208
Let p(a) = -2*a**3 - 135*a**2 - 63*a - 99. Give p(-67).
-367
Let t(x) = 6*x**3 + 3547*x**2 - 2952*x + 4758. Calculate t(-592).
22
Let x(o) = -7*o**2 - 80487*o - 321838. Give x(-4).
-2
Let q(r) = 2122*r - 14320. Give q(7).
534
Let j(z) = -2*z**2 + 6005*z - 359063. Give j(61).
-200
Let r(l) = l**3 - 76*l**2 + 947*l + 188. Give r(16).
-20
Let z(h) = -1119*h - 357019. Determine z(-319).
-58
Let s(c) = -6*c**2 - 962*c - 2820. Determine s(-3).
12
Let v(y) = -85*y**2 - 40721*y - 2879. Determine v(-479).
-5
Let h(k) = -k**2 + 150*k + 18014. What is h(-79)?
-77
Let q(a) = 5*a**2 + 337*a + 2646. Give q(-58).
-80
Let c(s) = s + 449. Determine c(-66).
383
Let m(t) = -11907*t - 595346. Calculate m(-50).
4
Let w(f) = -241*f - 13. What is w(0)?
-13
Let d(h) = 9*h**3 - 52*h**2 - 189*h + 790. Give d(7).
6
Let t(s) = -3*s**2 - 504*s - 20987. What is t(-76)?
-11
Let h(i) = -2*i**3 + 67*i**2 + 1924*i - 79. Determine h(52).
-79
Let z(j) = 3*j**2 + 25*j + 21. What is z(8)?
413
Let r(c) = c**3 - 8*c**2 - 117*c - 298. What is r(-4)?
-22
Let w(p) = -13*p**3 + 166*p**2 + 41*p + 9. What is w(13)?
35
Let v(d) = -d**3 + 80*d**2 - 59*d - 1943. Give v(79).
-363
Let h(o) = 3336*o**2 - 20040*o + 149. What is h(6)?
5
Let